 of m?
8
Let i be 3/((-1)/((-26)/(-3))). Let t be i/(-117) - 184/18. Let u = 17 + t. What is the units digit of u?
7
Let g(n) = -2*n**3 + 2*n**2. Suppose 0 = -9*c + 14*c - 5. Let o be -12 + 8 - (-1 - c). What is the units digit of g(o)?
4
What is the tens digit of (5/3 + -5)*37776/(-32)?
3
Let x(s) = s**2 - 6*s - 3. Let y = -14 + 21. Let h be x(y). Suppose -6 = -0*c - 2*c + 2*a, -c + h*a + 3 = 0. What is the units digit of c?
3
Let m = 8165 - 370. What is the hundreds digit of m?
7
Let m be 3 - (-3)/12*0. Suppose 22 = m*i - p - 680, -4*i = -4*p - 944. Suppose 5*b = 4*n + 1198, -4*b + i = -3*b - 3*n. What is the tens digit of b?
4
Let u(f) = -296*f + 532. What is the thousands digit of u(-102)?
0
What is the thousands digit of 410/123*(2 - -2826 - 2)?
9
Let b = 1 + 2. Let o(t) = 18 + 4*t**b + 343*t**2 - 362*t**2 + 10*t - t**3. What is the hundreds digit of o(7)?
1
Let m(h) = 6295*h - 7158. What is the hundreds digit of m(6)?
6
Suppose -4*q = -12, -2*q + 17 + 5 = 4*d. Suppose -2100 = -5*o - z, -d*o + 1671 = -0*z - z. What is the hundreds digit of o?
4
Let b be (-2)/26 - 1361190/(-663). Suppose -b*i - 510 = -2058*i. What is the hundreds digit of i?
1
Suppose -4*q + 320954 = -4*x + 6*x, 0 = -3*q + 16*x + 240558. What is the hundreds digit of q?
2
Suppose 0 = -2*z + 3*l + 223, -8*z - 2*l = -4*z - 406. Let q = 13 + z. What is the units digit of q?
7
Suppose 6*w + 6*c - 5*c - 22 = 0, -3*c + 6 = -2*w. Let x(y) = -22*y - 2. Let t be x(-4). What is the tens digit of 8/(-12) + t/w?
2
Let f(h) = 299*h**2 - 35*h - 787. What is the thousands digit of f(-12)?
2
Let d(l) = -526*l + 80. Let x(s) = 789*s - 121. Let p(j) = -7*d(j) - 5*x(j). What is the tens digit of p(-2)?
7
Suppose -4*i + s + 211411 = 0, -5*i + 8*s + 264245 = 3*s. What is the thousands digit of i?
2
Let v(y) = -88 - 79 - 23*y - 13. What is the tens digit of v(-14)?
4
Let y be (-2 + -1)/((-10)/50). Let o be 2/(-5) + 36/y. Suppose -o*m = -80 - 32. What is the units digit of m?
6
Let u(f) = 191*f - 28. Let o be u(-1). What is the tens digit of (-11)/(-33)*(0 + 3) - o?
2
Let h be (-27)/2*(-2 - -208). Let y = -1660 - h. What is the thousands digit of y?
1
Let z(b) = -4*b**3 + 19*b + 275. What is the thousands digit of z(-16)?
6
Let i be -3 - -5 - -2 - -1. Suppose i*d + 1 = 3*x, 0 = -2*x + 2*d + 4 - 2. What is the units digit of ((-26)/(-65))/(x/710)?
2
Let r(y) be the third derivative of -3*y**5/10 + y**4/12 + y**3/6 - 5*y**2. Let n be r(-2). Let a = -40 - n. What is the tens digit of a?
3
Let w = 3834 + -3518. What is the hundreds digit of w?
3
Suppose 4*q = -3*f + 4*f, -2*f = 3*q. What is the tens digit of 85 + 2/12*f?
8
Let f = 1613 + 5557. What is the units digit of f/9 + (-22)/33?
6
What is the tens digit of ((-273)/(-84))/(4/26528)?
5
Suppose 0 = 5*l - 283 - 1052. Suppose l = 3*y - 219. Suppose -5*s - 5*j = 22 - y, -j = -3*s + 64. What is the units digit of s?
3
Let u(d) be the second derivative of 3*d**4/4 + d**3 + 14*d**2 - 50*d - 1. What is the tens digit of u(9)?
1
Suppose -17 - 79 = -3*u. Suppose 0 = 38*d - u*d - 540. What is the units digit of d?
0
Let s(t) = -3*t - 4. Let c be 0/(-2) - (1 - 1/(-1)). Let g be s(c). What is the tens digit of (-3 - (-19)/2)*(0 + g)?
1
What is the tens digit of 6103 - (-10)/((-190)/209)?
9
Let s be ((-72)/(-128)*-268)/(2/(-16)). Suppose 3*l = 2*q - 1174, -2*q - 3*l + s = 2*l. What is the tens digit of q?
9
Let m be 144*(-6)/(-36)*3. Let a = 158 - m. What is the units digit of a?
6
Suppose -48*p - j + 5520 = -47*p, 5*p = j + 27612. What is the units digit of p?
2
Suppose -1 = 3*q - 4. What is the units digit of q/(2/237)*2?
7
Suppose -2*z - 5*v + 299 = -336, -2*z = -5*v - 605. What is the units digit of z?
0
Let z = 430 + -430. Let v(b) = b**3 - 8*b + 639. What is the units digit of v(z)?
9
Suppose 3*p + 9214 = 525*b - 523*b, 0 = 3*b - 4*p - 13821. What is the thousands digit of b?
4
Suppose 3*s = 4*s + 3*d - 1059, 4187 = 4*s + 5*d. What is the units digit of s?
8
What is the tens digit of (146404/51)/(6/9)?
0
Let i be 8 - (-2)/((-8)/20). Suppose -i*j - 34 = 5*l - 0*l, l + 5 = 0. Let s = j + 62. What is the units digit of s?
9
Suppose 4*u + 2 - 6 = 0. Let f be (12 - 12)/(-2 - u). Suppose 133 = 2*m + a, -3*m + 2*a + 93 + 103 = f. What is the tens digit of m?
6
Let j(k) = 6683*k**2 + k - 1. What is the units digit of j(1)?
3
Let u = -535 + 543. Suppose 26*a = -u*a + 35088. What is the thousands digit of a?
1
Let u(t) = -256*t - 278. Let o(s) = -28*s - 31. Let c(i) = 52*o(i) - 6*u(i). What is the thousands digit of c(12)?
1
Suppose 5*t - 10*t - 4*r + 2955 = 0, 4*t - 5*r = 2364. What is the units digit of t?
1
Suppose 0 = p - 5*u - 95, 5*p + 3*u + 61 = 452. What is the hundreds digit of 24/p*5 - (-2582)/4?
6
Suppose -81*c = -83*c. Suppose c = -o - 2*o + 7*o. Suppose 0 = 3*h - 5*k - 301, -6*h + 7*h - 4*k - 91 = o. What is the hundreds digit of h?
1
Suppose 16*w - 60*w + 19668 = 0. Let u = 578 - 296. Let k = w - u. What is the hundreds digit of k?
1
Suppose c - 5*a - 17104 = 0, c + 5*a - 1331 = 15753. What is the tens digit of c?
9
Let b be ((-10)/(-3)*(-60)/(-50))/1. Suppose b*n + 2184 = 28*n. What is the tens digit of n?
9
What is the ten thousands digit of 86540*((-2 - 34/(-4)) + 1344/(-224))?
4
Suppose 0 = -3*h + d - 0*d - 19, -d = -4. What is the units digit of (h + (-3 - 2366))/(2 - 4)?
7
What is the thousands digit of ((-904)/(-14) + 0)/((5360/(-28609))/(-40))?
3
Let h = -93 + 98. Let q(y) = 3*y - 10. Let u be q(h). Suppose 2*l + u*c - 35 = 0, l + 3*c + 134 = 6*l. What is the tens digit of l?
2
Suppose 5*p + 14 = 5*x + 49, -5*p + 4*x + 38 = 0. Let g be 75/10*56/p. Let r = 142 - g. What is the tens digit of r?
0
Let p(v) = v**2 - 11*v + 43. Let b be p(4). Let r(t) = -t**3 + 14*t**2 + 23*t + 42. What is the hundreds digit of r(b)?
1
Suppose 2*i = 3*w + 2, 3*i - 14 = 5*i + 5*w. Let k be 1*-8*(-1 - i). What is the units digit of 855/20 - 2/k?
3
Let z(a) = a**3 - 11*a**2 + 11*a - 15. Let d be z(10). Let n be 250/30*(-6)/d. Suppose n = -2*c, -5*m + 231 = -m - 3*c. What is the tens digit of m?
5
Suppose -71*d + 2628489 = 196*d + 495159. What is the tens digit of d?
9
Let l be (0 - 2)/((-3)/6 - -1). Let f be (1/(-2) - (-14)/l) + 2. What is the units digit of -3 + f/(-2 + (-3)/(-2))?
1
Suppose 14*b - 35*b = 0. Suppose b = k - 2*z - 244, -k = 4*k + z - 1220. What is the units digit of k?
4
Suppose -3*r - 480 = 27*r. What is the units digit of 8 - (150*r)/8?
8
Let h = -9228 - -14373. What is the hundreds digit of h?
1
Let b(f) = f - 19. Let i be b(22). Suppose 2*s = -4*m + 1606, -3*m + 2*s - i*s + 1207 = 0. What is the hundreds digit of m?
4
Let q(k) = -k**3 - 24*k**2 - 8*k + 23. Suppose 57*m + 1152 = 9*m. What is the tens digit of q(m)?
1
Suppose 31326 = -31*h + 157403. What is the tens digit of h?
6
Let f be (3/2)/((-3)/(-20)). Let l(q) be the second derivative of q**4/6 - q**3/2 + 49*q**2/2 + 239*q - 11. What is the hundreds digit of l(f)?
2
Let r(w) = 278 + 16*w - 11*w - 100 + 12*w + 4*w. What is the tens digit of r(-8)?
1
Let b(v) = 722*v**3 + v. Let d be b(-1). Let l = d + 1234. What is the units digit of l?
1
What is the hundreds digit of (-16708)/(-3) + 11*(-4)/132?
5
Suppose -h + 42050 = h + 8*h. What is the tens digit of h?
0
Let z(i) = -i**3 + 8*i**2 + 11*i - 15. Let h be z(9). Suppose 5*u - x - 442 = h*u, -4*u + 3*x = -884. What is the tens digit of u?
2
Let a(l) = 24*l - 404. What is the tens digit of a(40)?
5
Suppose -3*u + 10*l = 12*l - 25349, 2*u - l - 16911 = 0. What is the units digit of u?
3
Let k be (8/6)/2 - (-313)/3. Suppose 10*x = 11*x + 2*g - k, 2*x - 210 = 4*g. What is the tens digit of x?
0
Let v be (-12)/2*(-2 + (-3)/(-2)). Suppose 3*s = 3*c + 18, 8 = -v*c - 4. Suppose -3*g - 3*x = -243, 0 = -5*x + s*x + 9. What is the tens digit of g?
7
Let j(s) = -10*s**2 + 727*s - 137. What is the thousands digit of j(71)?
1
Let d = 15 - 12. Let z be (88/12)/(2/d). Suppose -259 = -z*v + 654. What is the units digit of v?
3
Let f(d) = -712*d - 866. What is the units digit of f(-28)?
0
Let h(v) = v**3 - 6*v**2 - 6*v - 10. Let l be h(7). Let d be ((-22)/(-8) - -2)/(l/12). Let j = d + 90. What is the tens digit of j?
7
Suppose -3*m + 432 = -3*x, -3*m = 5*x - 6*m + 710. Let o = 512 + x. What is the tens digit of o?
7
Let v(n) be the second derivative of n